{"id":969,"date":"2022-10-31T21:29:47","date_gmt":"2022-10-31T19:29:47","guid":{"rendered":"https:\/\/www.vaseznacenie.eu\/?page_id=969"},"modified":"2022-11-01T19:49:47","modified_gmt":"2022-11-01T17:49:47","slug":"ziadost-o-cenovu-ponuku","status":"publish","type":"page","link":"https:\/\/www.vaseznacenie.eu\/?page_id=969","title":{"rendered":"\u017diados\u0165 o cenov\u00fa ponuku"},"content":{"rendered":"\n<p><\/p>\n\n\n\n<p><\/p>\n\n\n<div class=\"everest-forms\"><div class=\"evf-container default\" id=\"evf-976\"><form id=\"evf-form-976\" class=\"everest-form\" data-formid=\"976\" data-ajax_submission=\"0\" data-keyboard_friendly_form=\"0\" method=\"post\" enctype=\"multipart\/form-data\" action=\"\/index.php?rest_route=%2Fwp%2Fv2%2Fpages%2F969\"><div class=\"evf-field-container\"><input type=\"hidden\" id=\"_wpnonce976\" name=\"_wpnonce976\" value=\"4e77e8ed5c\" \/><input type=\"hidden\" name=\"_wp_http_referer\" value=\"\/index.php?rest_route=%2Fwp%2Fv2%2Fpages%2F969\" \/><div class=\"evf-frontend-row\" data-row=\"row_1\" conditional_rules=\"[]\"><div class=\"evf-frontend-grid evf-grid-2\" data-grid=\"grid_1\"><div id=\"evf-976-field_fwEE2RToHG-1-container\" class=\"evf-field evf-field-text form-row validate-required\" data-required-field-message=\"This field is required.\" data-field-id=\"fwEE2RToHG-1\"><label class=\"evf-field-label\" for=\"evf-976-field_fwEE2RToHG-1\"><span class=\"evf-label\">N\u00e1zov firmy<\/span> <abbr class=\"required\" title=\"Required\">*<\/abbr><\/label><input type=\"text\" id=\"evf-976-field_fwEE2RToHG-1\" class=\"input-text\" name=\"everest_forms[form_fields][fwEE2RToHG-1]\" required><\/div><div id=\"evf-976-field_CIPdSNl2b5-3-container\" class=\"evf-field evf-field-email form-row validate-required validate-email\" data-required-field-message=\"Please enter a valid email address.\" data-field-id=\"CIPdSNl2b5-3\"><label class=\"evf-field-label\" for=\"evf-976-field_CIPdSNl2b5-3\"><span class=\"evf-label\">Email<\/span> <abbr class=\"required\" title=\"Required\">*<\/abbr><\/label><input type=\"email\" id=\"evf-976-field_CIPdSNl2b5-3\" class=\"input-text\" name=\"everest_forms[form_fields][CIPdSNl2b5-3]\" required ><\/div><div id=\"evf-976-field_00LyVZI7PY-5-container\" class=\"evf-field evf-field-checkbox form-row validate-required\" data-required-field-message=\"This field is required.\" data-field-id=\"00LyVZI7PY-5\"><label class=\"evf-field-label\" for=\"evf-976-field_00LyVZI7PY-5\"><span class=\"evf-label\">M\u00e1m z\u00e1ujem o<\/span> <abbr class=\"required\" title=\"Required\">*<\/abbr><\/label><ul id=\"evf-976-field_00LyVZI7PY-5\" class=\" evf-field-required\"><li class=\"choice-1 depth-1\"><input type=\"checkbox\" id=\"evf-976-field_00LyVZI7PY-5_1\" class=\"input-text\" name=\"everest_forms[form_fields][00LyVZI7PY-5][]\" value=\"Aplik\u00e1tor etikiet\" required ><label class=\"everest-forms-field-label-inline\" for=\"evf-976-field_00LyVZI7PY-5_1\">Aplik\u00e1tor etikiet<\/label><\/li><li class=\"choice-2 depth-1\"><input type=\"checkbox\" id=\"evf-976-field_00LyVZI7PY-5_2\" class=\"input-text\" name=\"everest_forms[form_fields][00LyVZI7PY-5][]\" value=\"Termotransf\u00e9rov\u00fa tla\u010d\" required ><label class=\"everest-forms-field-label-inline\" for=\"evf-976-field_00LyVZI7PY-5_2\">Termotransf\u00e9rov\u00fa tla\u010d<\/label><\/li><li class=\"choice-3 depth-1\"><input type=\"checkbox\" id=\"evf-976-field_00LyVZI7PY-5_3\" class=\"input-text\" name=\"everest_forms[form_fields][00LyVZI7PY-5][]\" value=\"Ink Jet\" required ><label class=\"everest-forms-field-label-inline\" for=\"evf-976-field_00LyVZI7PY-5_3\">Ink Jet<\/label><\/li><\/ul><\/div><\/div><div class=\"evf-frontend-grid evf-grid-2\" data-grid=\"grid_2\"><div id=\"evf-976-field_zCLVZvbPlZ-2-container\" class=\"evf-field evf-field-last-name form-row validate-required\" data-required-field-message=\"This field is required.\" data-field-id=\"zCLVZvbPlZ-2\"><label class=\"evf-field-label\" for=\"evf-976-field_zCLVZvbPlZ-2\"><span class=\"evf-label\">Meno a priezvisko<\/span> <abbr class=\"required\" title=\"Required\">*<\/abbr><\/label><input type=\"text\" id=\"evf-976-field_zCLVZvbPlZ-2\" class=\"input-text\" name=\"everest_forms[form_fields][zCLVZvbPlZ-2]\" required><\/div><div id=\"evf-976-field_6iGC15izIZ-4-container\" class=\"evf-field evf-field-text form-row validate-required\" data-required-field-message=\"This field is required.\" data-field-id=\"6iGC15izIZ-4\"><label class=\"evf-field-label\" for=\"evf-976-field_6iGC15izIZ-4\"><span class=\"evf-label\">Telefonick\u00fd kontakt<\/span> <abbr class=\"required\" title=\"Required\">*<\/abbr><\/label><input type=\"text\" id=\"evf-976-field_6iGC15izIZ-4\" class=\"input-text\" name=\"everest_forms[form_fields][6iGC15izIZ-4]\" required><\/div><\/div><\/div><div class=\"evf-frontend-row\" data-row=\"row_2\" conditional_rules=\"[]\"><div class=\"evf-frontend-grid evf-grid-1\" data-grid=\"grid_1\"><div id=\"evf-976-field_X4hjvbcgXg-6-container\" class=\"evf-field evf-field-text form-row\" data-field-id=\"X4hjvbcgXg-6\"><label class=\"evf-field-label\" for=\"evf-976-field_X4hjvbcgXg-6\"><span class=\"evf-label\">Doplnenie po\u017eiadavky.<\/span> <\/label><input type=\"text\" id=\"evf-976-field_X4hjvbcgXg-6\" class=\"input-text\" name=\"everest_forms[form_fields][X4hjvbcgXg-6]\" ><\/div><\/div><\/div><\/div><div class=\"evf-honeypot-container evf-field-hp\"><label for=\"evf-976-field-hp\" class=\"evf-field-label\">Name<\/label><input type=\"text\" name=\"everest_forms[hp]\" id=\"evf-976-field-hp\" class=\"input-text\"><\/div><div class=\"evf-submit-container \" ><input type=\"hidden\" name=\"everest_forms[id]\" value=\"976\"><input type=\"hidden\" name=\"everest_forms[author]\" value=\"1\"><button type='submit' name='everest_forms[submit]' class='everest-forms-submit-button button evf-submit ' id='evf-submit-976' value='evf-submit' data-process-text=\"Processing\u2026\" conditional_rules='&quot;&quot;' conditional_id='evf-submit-976'  id=\"evf-submit-976\" aria-live=\"assertive\">Submit<\/button><\/div><\/form><\/div><!-- .evf-container --><\/div>\n","protected":false},"excerpt":{"rendered":"","protected":false},"author":1,"featured_media":0,"parent":0,"menu_order":0,"comment_status":"closed","ping_status":"closed","template":"","meta":[],"_links":{"self":[{"href":"https:\/\/www.vaseznacenie.eu\/index.php?rest_route=\/wp\/v2\/pages\/969"}],"collection":[{"href":"https:\/\/www.vaseznacenie.eu\/index.php?rest_route=\/wp\/v2\/pages"}],"about":[{"href":"https:\/\/www.vaseznacenie.eu\/index.php?rest_route=\/wp\/v2\/types\/page"}],"author":[{"embeddable":true,"href":"https:\/\/www.vaseznacenie.eu\/index.php?rest_route=\/wp\/v2\/users\/1"}],"replies":[{"embeddable":true,"href":"https:\/\/www.vaseznacenie.eu\/index.php?rest_route=%2Fwp%2Fv2%2Fcomments&post=969"}],"version-history":[{"count":3,"href":"https:\/\/www.vaseznacenie.eu\/index.php?rest_route=\/wp\/v2\/pages\/969\/revisions"}],"predecessor-version":[{"id":977,"href":"https:\/\/www.vaseznacenie.eu\/index.php?rest_route=\/wp\/v2\/pages\/969\/revisions\/977"}],"wp:attachment":[{"href":"https:\/\/www.vaseznacenie.eu\/index.php?rest_route=%2Fwp%2Fv2%2Fmedia&parent=969"}],"curies":[{"name":"wp","href":"https:\/\/api.w.org\/{rel}","templated":true}]}}